late the highest common factor of 20 and w.
20
Let z(h) = -h**3 + 8*h**2 + 3*h + 72. Let w be z(9). Let o be 1270/20 + 1/(-2). What is the highest common factor of w and o?
9
Let w be (-4)/(16/(-12) + (-39)/(-36)). Calculate the highest common factor of 104 and w.
8
Let p be (0 - -5) + ((-16)/(-8) - -3). What is the highest common factor of 130 and p?
10
Let q = 222 - -5. Suppose -2*t + q = 5*w, -3*w + t + 4 + 130 = 0. What is the highest common divisor of 495 and w?
45
Let y(g) = g**2 + g + 25. Let p be y(-4). Calculate the highest common factor of p and 703.
37
Suppose 5*n - 10 = -4*g + 15, -3*n - 17 = -4*g. Let b be (10/(-4) + 3)*10. Suppose b*h - 3*h - 20 = 0. Calculate the greatest common factor of h and n.
1
Suppose 0 = 4*c - 12 - 8. Let o be (c/2)/(2/4). Suppose -2*i = -25 + o. Calculate the greatest common divisor of 30 and i.
10
Suppose -1585*u = -1579*u - 1152. Calculate the highest common divisor of u and 6.
6
Let j = 68 + -50. Let v = 12 - 15. Let t = v + 9. Calculate the highest common factor of j and t.
6
Suppose 8*d + 90 = 18*d. What is the greatest common divisor of d and 108?
9
Let b be 267/24 + (-1)/8. Calculate the greatest common factor of 253 and b.
11
Suppose 13*v - 15*v - 5*x = -103, -32 = -v + 4*x. What is the greatest common factor of v and 4?
4
Let l = -40 + 40. Let x be (-1)/(l + 5/(-455)). What is the highest common divisor of 13 and x?
13
Suppose -8850 - 2766 = -44*y. Suppose -2*d + 5*m = 2*d - 121, d - 2*m = 34. Calculate the greatest common divisor of d and y.
24
Suppose 22*k + 1650 = 52*k. Calculate the greatest common factor of k and 77.
11
Suppose 4*b - 4*t - 240 = -b, 2*b + t = 109. Let q = 61 - b. Let k be 1/(((-1)/(-81))/1). What is the highest common divisor of q and k?
9
Let r be (-2)/((2 - 1)*3/69). Suppose 3*v = -5*l - 26, 4*l - v = -0*v - 14. Let x be r/l - (-60)/40. Calculate the greatest common divisor of x and 104.
13
Let g be -1 + (1 - -1) + 5. Let z(k) = -k**2 - 10*k + 27. Let v be 1 + -2 + 2 + (9 - 17). Let l be z(v). What is the greatest common divisor of g and l?
6
Suppose 3*r = 5*w - 2602, 0 = -5*w - 10*r + 9*r + 2586. What is the highest common factor of 74 and w?
74
Let r(g) = 4*g - 83. Let x be r(22). Let z = -79 + 119. Calculate the highest common divisor of z and x.
5
Suppose z + 0*z = -10. Let l = 8 - z. What is the greatest common factor of 6 and l?
6
Let s(f) = -58*f - 19. Let k be s(-4). Let l = k - -67. What is the greatest common factor of l and 35?
35
Let k = 154 - 115. What is the highest common factor of 78 and k?
39
Let n be (-40)/(-16)*(-4)/10 + 116. Calculate the greatest common divisor of n and 10.
5
Let z be (195/26)/((-53)/28 + 2). Calculate the greatest common divisor of z and 15.
5
Let p(r) = 3*r**2 - 40*r + 9. Let z be p(18). What is the highest common divisor of z and 29?
29
Suppose c = 2*i + 3*i + 17, 4*i + 190 = 5*c. What is the greatest common divisor of 14 and c?
14
Let j = -975 - -1250. Calculate the highest common factor of j and 22.
11
Let y(h) = -2*h**3 - 8*h**2 + 3*h + 16. Let g be y(-4). Let t be 47 - 1/((-3)/(-9)). What is the highest common divisor of t and g?
4
Suppose d - 15 + 0 = 0. Let x be d/2 + (-2)/(-4). Let w = 85 - 21. What is the greatest common factor of w and x?
8
Let f(q) = -2*q + 3. Let n be f(3). Let v be (-2)/3 + 0 + (-50)/n. Calculate the highest common divisor of v and 144.
16
Suppose 31*x + 10 = 36*x. Suppose -5*w - 2*i + 42 = 0, 3*i = x*w - 9 - 4. Suppose 47 = 3*y - 169. Calculate the highest common divisor of y and w.
8
Let j = 527 - 463. Calculate the highest common factor of 576 and j.
64
Let o be 22 - (0 + (0 - -1)). Let q = 55 + -51. Suppose 2*h + 1 = h, 4*b - 80 = -q*h. What is the highest common divisor of b and o?
21
Let q = -64 - -135. Let l = -70 + q. Calculate the highest common divisor of 8 and l.
1
Let k(q) = -q + 16. Let l be k(11). Suppose 0 = -l*n + 4*m + 169, -m + 0*m + 98 = 3*n. What is the highest common divisor of n and 3?
3
Let t = 492 + -489. Let q be 3 - (1 - (-1 + 1)). Suppose 0*c + q*c = t*j - 39, 3*c + 13 = j. Calculate the greatest common divisor of j and 91.
13
Suppose 0 = -25*t - 8*t + 792. Calculate the highest common divisor of 8 and t.
8
Let w be (-7)/(7/6) + 9 + 153. Calculate the greatest common factor of w and 60.
12
Let s(w) = -w**3 + 5*w**2 + 3*w - 11. Let c = -15 - -19. Let q be s(c). Calculate the greatest common factor of 136 and q.
17
Let z be 10/(-50) - (-11)/5. Suppose 0*n - 30 = -5*t - z*n, 3*t + 3*n - 27 = 0. Suppose v + t*v - 45 = 0. Calculate the highest common divisor of v and 9.
9
Let b = 2365 - 1393. Suppose -5*a + t + 20 + 7 = 0, 2*t + 9 = a. Suppose -2*l + a*l = b. Calculate the highest common divisor of 36 and l.
36
Let f be (5/3)/((-2)/(-126)). Let t = 128 + -200. Let y be 5*(t/(-10) - 3). Calculate the greatest common divisor of f and y.
21
Let a(p) = p**3 - 5*p**2 - 8*p + 8. Let x be a(8). Let l be ((-6)/(-12))/(4/x). Calculate the highest common divisor of l and 68.
17
Suppose 7*h - 896 = 21*h. Let y = -8 - h. Calculate the highest common factor of y and 7.
7
Let u(l) = -2*l**2 + 1. Let m be u(1). Let n be (-3 + 4)/(m/(-330)). Calculate the highest common divisor of 22 and n.
22
Let a be 1362/15 - (-20)/(-25). Suppose -5*n - f = -a, 3*f = n + 4*n - 70. Calculate the highest common factor of n and 153.
17
Let b = -265 - -326. Calculate the highest common factor of 122 and b.
61
Suppose -2*u - r = -0*r - 5, r = -3*u + 8. Suppose 20 = 5*w - u*w. What is the greatest common divisor of w and 90?
10
Suppose -3*q - 16 = -58. Suppose 66 = -0*i + i. Let l = i + q. Calculate the greatest common factor of l and 16.
16
Suppose 8 = l - 3*j, -l - 3*j + 5 = 9. What is the highest common factor of l and 15?
1
Suppose 9*r - 6*r + 60 = 0. Let v = 23 + r. Calculate the greatest common divisor of 1 and v.
1
Suppose -41*q = -48*q + 1680. Calculate the greatest common divisor of 15 and q.
15
Let l = -178 + 193. What is the highest common factor of 120 and l?
15
Let i(f) = -f**2 - 10*f + 14. Let g(p) = -p**2 + 16*p - 11. Let c be g(16). Let v be i(c). What is the greatest common factor of v and 1?
1
Let s be ((-854)/183)/(6/(-27)). Calculate the greatest common factor of s and 357.
21
Let f = 469 - 304. What is the highest common factor of 99 and f?
33
Let w(q) = -q**3 + 9*q**2 + 3*q + 7. Let h be w(9). Suppose 2*v + 15 + 13 = 0. Let j = h + v. Calculate the greatest common factor of 8 and j.
4
Let s be -3 + 1 + 2 + 0. Suppose s = -5*p, -3*p - p + 29 = y. What is the greatest common factor of 145 and y?
29
Suppose -93*r + 96*r - 3 = 0, -r + 2729 = 4*m. Calculate the highest common divisor of 186 and m.
62
Suppose -l = 5, -4*w + 5*l = -173 - 144. Let y = w + -25. What is the greatest common divisor of y and 16?
16
Let z be 188*(76/16 + -4). Calculate the highest common factor of z and 235.
47
Let z(m) = 28*m**2 - 57*m - 3. Let t be z(7). What is the highest common factor of 10 and t?
10
Let o = 874 - 869. What is the greatest common divisor of 20 and o?
5
Let l(v) = v**3 - 17*v**2 + 16*v + 11. Let r(k) = 17*k - 1. Let u be r(1). Let b be l(u). Suppose 0*h = h - 77. Calculate the highest common factor of b and h.
11
Suppose 21*b - 27*b + 10422 = 0. What is the greatest common divisor of 9 and b?
9
Let u be (-308)/(-20)*55/11. Let l be 2/5 - (-26)/10. Suppose -5*k - 2*n + 41 = 0, -2*k + 5*n = -l*k + 22. Calculate the greatest common divisor of k and u.
7
Suppose 2*d - 83 = -4*m + 161, -m - d + 59 = 0. Calculate the greatest common factor of 294 and m.
21
Let x(g) = g - 4. Let w be x(-3). Let u(d) = -d**2 - 13*d. Let q be u(w). Let r = -49 + 77. What is the greatest common factor of r and q?
14
Let p(r) = r**3 - 3*r**2 - 3*r + 17. Let a be p(6). Let y = a - 35. Calculate the highest common factor of y and 48.
24
Let f be 46/6 + (-1)/(-3). Let v be 270/(-75) - -4 - 83/(-5). Let t = v - f. What is the greatest common factor of t and 1?
1
Let m be (-120)/220 + ((-35444)/(-44) - 2). Calculate the greatest common factor of m and 11.
11
Let b be -27*(-2 + 0/1)/3. Let d(w) = -2*w. Let p be d(-3). What is the highest common divisor of p and b?
6
Let g = -5 - -21. Let w(c) = -c**2 - 32*c + 16. Let n be w(-8). What is the greatest common factor of n and g?
16
Suppose -q - 15*v + 56 = -16*v, -5*q + 3*v + 288 = 0. C